en 270551 is divided by 20758?
697
Calculate the remainder when 1092944 is divided by 6709.
6086
What is the remainder when 176262409 is divided by 5619?
5617
Calculate the remainder when 555007859 is divided by 1140.
1139
What is the remainder when 5640041 is divided by 620?
521
What is the remainder when 2746776 is divided by 549348?
36
What is the remainder when 3187756 is divided by 453?
448
What is the remainder when 2566302 is divided by 1849?
1739
Calculate the remainder when 96222 is divided by 5659.
19
What is the remainder when 6025070 is divided by 2008208?
446
What is the remainder when 141968 is divided by 534?
458
Calculate the remainder when 653984 is divided by 46712.
16
What is the remainder when 1529470 is divided by 47?
43
What is the remainder when 2503292 is divided by 208606?
20
Calculate the remainder when 2891160 is divided by 86.
12
Calculate the remainder when 387037 is divided by 9442.
9357
What is the remainder when 145701 is divided by 36415?
41
Calculate the remainder when 76223147 is divided by 214.
199
Calculate the remainder when 1506860 is divided by 811.
22
What is the remainder when 14162539 is divided by 132?
127
Calculate the remainder when 1054490 is divided by 6624.
1274
What is the remainder when 13599966 is divided by 1363?
1315
What is the remainder when 67863763 is divided by 23712?
19
Calculate the remainder when 31220486 is divided by 19.
9
What is the remainder when 145505 is divided by 227?
225
Calculate the remainder when 798286 is divided by 476.
34
What is the remainder when 4348078 is divided by 102?
22
Calculate the remainder when 5484635 is divided by 413.
408
Calculate the remainder when 19385179 is divided by 5885.
5874
Calculate the remainder when 3748616 is divided by 23283.
53
Calculate the remainder when 11978233 is divided by 2938.
7
What is the remainder when 14734383 is divided by 6362?
6353
Calculate the remainder when 7333817 is divided by 9.
5
What is the remainder when 168906 is divided by 56208?
282
What is the remainder when 1493390 is divided by 15914?
13388
What is the remainder when 25602 is divided by 70?
52
Calculate the remainder when 71343912 is divided by 401.
398
Calculate the remainder when 3756736 is divided by 29.
18
Calculate the remainder when 98149339 is divided by 27.
19
Calculate the remainder when 2334873 is divided by 4.
1
What is the remainder when 15995782 is divided by 391?
363
What is the remainder when 23207176 is divided by 176?
168
Calculate the remainder when 1475940 is divided by 4920.
4860
Calculate the remainder when 35490 is divided by 35005.
485
Calculate the remainder when 5941743 is divided by 270079.
5
What is the remainder when 1045420 is divided by 261223?
528
Calculate the remainder when 3788010 is divided by 65310.
30
What is the remainder when 2156383 is divided by 2156103?
280
What is the remainder when 122598 is divided by 8166?
108
Calculate the remainder when 6717677 is divided by 363.
362
What is the remainder when 20026637 is divided by 591?
11
Calculate the remainder when 28312881 is divided by 14.
9
Calculate the remainder when 1787904 is divided by 23.
22
Calculate the remainder when 169422 is divided by 123.
51
What is the remainder when 140872182 is divided by 425?
407
Calculate the remainder when 9591 is divided by 841.
340
Calculate the remainder when 29006810 is divided by 85.
50
What is the remainder when 28253 is divided by 1767?
1748
Calculate the remainder when 1359460 is divided by 226515.
370
Calculate the remainder when 9172661 is divided by 9209.
497
Calculate the remainder when 8674145 is divided by 112651.
18
Calculate the remainder when 147342 is divided by 5452.
138
Calculate the remainder when 4345926 is divided by 303.
300
What is the remainder when 1869735 is divided by 112?
7
What is the remainder when 217702 is divided by 442?
238
What is the remainder when 119021181 is divided by 16?
13
What is the remainder when 915246788 is divided by 62?
60
What is the remainder when 1188588657 is divided by 4148?
4145
What is the remainder when 1239231 is divided by 212?
91
What is the remainder when 36254 is divided by 955?
919
Calculate the remainder when 68490 is divided by 66419.
2071
What is the remainder when 18104991 is divided by 10?
1
What is the remainder when 14133 is divided by 4534?
531
Calculate the remainder when 2029398 is divided by 676462.
12
What is the remainder when 320954 is divided by 157722?
5510
What is the remainder when 1562618 is divided by 639?
263
Calculate the remainder when 3161667 is divided by 325.
67
Calculate the remainder when 47819654 is divided by 398497.
14
What is the remainder when 14233886 is divided by 656?
654
Calculate the remainder when 35760300 is divided by 5765.
5
Calculate the remainder when 1650065 is divided by 2094.
2087
What is the remainder when 18142347 is divided by 1538?
99
Calculate the remainder when 510590 is divided by 643.
48
Calculate the remainder when 2589389 is divided by 538.
533
What is the remainder when 4581995 is divided by 200?
195
What is the remainder when 109370 is divided by 3528?
2
Calculate the remainder when 65978205 is divided by 78827.
6
Calculate the remainder when 294310 is divided by 98059.
133
Calculate the remainder when 5685266 is divided by 114.
86
What is the remainder when 96134 is divided by 5328?
230
What is the remainder when 4084199 is divided by 49?
0
Calculate the remainder when 46645 is divided by 45800.
845
What is the remainder when 370400 is divided by 10?
0
Calculate the remainder when 94377783 is divided by 282.
279
Calculate the remainder when 281283 is divided by 2961.
2949
Calculate the remainder when 28461547 is divided by 1883.
2
Calculate the remainder when 311324380 is divided by 262.
260
Calculate the remainder when 11732 is divided by 284.
88
Calculate the remainder when 192069 is divided by 17437.
262
Calculate the remainder when 8397545 is divided by 17568.
41
Calculate the remainder when 603482 is divided by 2694.
26
What is the remainder when 5512 is divided by 4010?
1502
What is the remainder when 2971117 is divided by 247589?
49
What is the remainder when 245620 is divided by 50?
20
Calculate the remainder when 63267695 is divided by 9.
8
Calculate the remainder when 11472444 is divided by 26.
22
Calculate the remainder when 49012 is divided by 23271.
2470
What is the remainder when 1608676 is divided by 25135?
36
What is the remainder when 20259272 is divided by 124?
28
What is the remainder when 23008538 is divided by 333457?
5
Calculate the remainder when 178397 is divided by 50.
47
Calculate the remainder when 704293 is divided by 144.
133
What is the remainder when 2377686 is divided by 879?
870
What is the remainder when 10954361 is divided by 106?
3
What is the remainder when 4283075 is divided by 1775?
0
Calculate the remainder when 16182846 is divided by 64.
62
What is the remainder when 2989547 is divided by 136?
131
What is the remainder when 14402541 is divided by 65466?
21
What is the remainder when 182462 is divided by 90759?
944
Calculate the remainder when 2271 is divided by 172.
35
What is the remainder when 63410051 is divided by 20962?
1
What is the remainder when 3362684 is divided by 136?
84
What is the remainder when 43591 is divided by 241?
211
What is the remainder when 203208 is divided by 7006?
34
What is the remainder when 2751865 is divided by 9205?
8775
What is the remainder when 12230358 is divided by 339732?
6
What is the remainder when 145203 is divided by 17834?
2531
What is the remainder when 134938 is divided by 915?
433
What is the remainder when 27951 is divided by 2127?
300
Calculate the remainder when 15615 is divided by 7800.
15
Calculate the remainder when 1683027 is divided by 2843.
2814
Calculate the remainder when 2187623 is divided by 81023.
2
What is the remainder when 14185982 is divided by 4728657?
11
Calculate the remainder when 29526 is divided by 29007.
519
What is the remainder when 3567398 is divided by 986?
50
Calculate the remainder when 342660023 is divided by 12.
11
Calculate the remainder when 106186 is divided by 105753.
433
What is the remainder when 25632573 is divided by 135622?
15
What is the remainder when 5113824 is divided by 73052